1010 + -110001010?
-101100000
In base 15, what is -6d19 - 4?
-6d1d
In base 10, what is -12 + 3937?
3925
In base 9, what is -2143 + 476?
-1556
In base 12, what is 2345 + -10?
2335
In base 5, what is -14 - -234400?
234331
In base 12, what is 107808 + -3?
107805
In base 15, what is 103c - -4?
1041
In base 10, what is 3 - 41119?
-41116
In base 6, what is 143452142 + 0?
143452142
In base 13, what is -15 - bbb?
-c03
In base 5, what is 1430 - 1333?
42
In base 6, what is -14 - -10235?
10221
In base 13, what is -44771 - 0?
-44771
In base 14, what is -1980 - -1d?
-1961
In base 5, what is 4 - 4114?
-4110
In base 11, what is 0 - 4167?
-4167
In base 13, what is 1b - -15c7?
1615
In base 8, what is -1373 - 277?
-1672
In base 13, what is -6c58 - 7?
-6c62
In base 2, what is -11 + -100111100101000?
-100111100101011
In base 3, what is 110010221 + 21222?
110102220
In base 4, what is 110302202 - 1?
110302201
In base 4, what is 11102310 + -110?
11102200
In base 7, what is 2151 - 234?
1614
In base 13, what is -42 + 1bb2c?
1baba
In base 7, what is 1544310 + 4?
1544314
In base 10, what is -17 + -38845?
-38862
In base 6, what is 10210402 - 2?
10210400
In base 7, what is -1 + -330304?
-330305
In base 16, what is -4 + -d1f4b?
-d1f4f
In base 11, what is 10354 + 3?
10357
In base 2, what is 101111111111 - -1001000?
110001000111
In base 10, what is -54 + -1091?
-1145
In base 3, what is 100202011 - -102101?
101011112
In base 15, what is 13d67c + 1?
13d67d
In base 6, what is 5 - 134403?
-134354
In base 6, what is 0 + -11541?
-11541
In base 4, what is -11002032030 + 0?
-11002032030
In base 5, what is -21240 - -31?
-21204
In base 13, what is -3854 + 1c?
-3835
In base 14, what is -29 - 34ab?
-34d6
In base 10, what is 2 - 14109?
-14107
In base 15, what is -2ce - 4?
-2d3
In base 8, what is -123770 + 0?
-123770
In base 13, what is -3c - 35?
-74
In base 13, what is -a - -49b42?
49b35
In base 9, what is 372 - 185?
176
In base 15, what is -1ec04 + -3?
-1ec07
In base 14, what is -1a3 - 1135?
-12d8
In base 5, what is 313012 - 40?
312422
In base 10, what is 9888 + 1?
9889
In base 6, what is 33244 - -4?
33252
In base 12, what is -15a + 15?
-145
In base 3, what is -12 - -20111102000?
20111101211
In base 7, what is -3343040 + -6?
-3343046
In base 4, what is -11321 - -133?
-11122
In base 8, what is -1 + -35371?
-35372
In base 12, what is 7 + 1605?
1610
In base 8, what is 6 + -63160?
-63152
In base 13, what is -54b481 + -1?
-54b482
In base 8, what is 507 - 4476?
-3767
In base 12, what is b1 - 100?
-b
In base 6, what is -5 - 31342?
-31351
In base 4, what is -11 - -220120?
220103
In base 12, what is 6 - 129534?
-12952a
In base 16, what is 3293a - 0?
3293a
In base 15, what is 2 + 65c2?
65c4
In base 15, what is -402476 - 2?
-402478
In base 6, what is 21 + 1515?
1540
In base 9, what is 2 - -25707?
25710
In base 15, what is 12033 - 2?
12031
In base 5, what is 1 - -20210111?
20210112
In base 3, what is 11120110100 - 1?
11120110022
In base 14, what is 8d + 78b?
83a
In base 5, what is 1 + -134314?
-134313
In base 6, what is -4 + -1043151?
-1043155
In base 9, what is -2 - -1840816?
1840814
In base 14, what is 50d + -1a9?
344
In base 15, what is -154b9 + 5?
-154b4
In base 4, what is 33000 - -112023?
211023
In base 7, what is -126 - -14364?
14235
In base 8, what is 254 - 1234?
-760
In base 9, what is -1 + -85837?
-85838
In base 7, what is -225003 + 5?
-224665
In base 12, what is 6 - -1a1?
1a7
In base 15, what is 4 - 31445?
-31441
In base 13, what is 21 + 5235?
5256
In base 5, what is 2 + -12240241?
-12240234
In base 6, what is -23124 + -145?
-23313
In base 12, what is 68 + -a1?
-35
In base 16, what is 94c05b + -1?
94c05a
In base 6, what is -1104531 + 4?
-1104523
In base 6, what is 12 + 11521?
11533
In base 2, what is -10 - 101010100010000111?
-101010100010001001
In base 5, what is 2 - 223002?
-223000
In base 5, what is 200 + 13031?
13231
In base 15, what is 1698 - 121?
1577
In base 8, what is 4 - -16273?
16277
In base 4, what is 11031232 + -11?
11031221
In base 7, what is 630343 + 1?
630344
In base 4, what is 130 - -102011?
102201
In base 2, what is -1010001 - -100001000110111?
100000111100110
In base 10, what is 10362 + -8?
10354
In base 6, what is -5 + -354054?
-354103
In base 8, what is 1401 - 53?
1326
In base 12, what is 1aa498 + 2?
1aa49a
In base 13, what is 37b91 - 4?
37b8a
In base 5, what is 40330 + 0?
40330
In base 11, what is 1a3325 + 4?
1a3329
In base 15, what is -10b4 + b5?
-eee
In base 2, what is -11010 - 1001001010110?
-1001001110000
In base 16, what is 2167 - 24?
2143
In base 8, what is -3336232 + 3?
-3336227
In base 6, what is -4 - -354241?
354233
In base 8, what is -25 + -17141?
-17166
In base 3, what is 111210 - 1221?
102212
In base 14, what is -4 + 1c04d?
1c049
In base 7, what is -11465 + -2546?
-14344
In base 10, what is 1522 - -268?
1790
In base 10, what is 21205 + 1?
21206
In base 12, what is -66a - -3a?
-630
In base 9, what is -58308 + 1?
-58307
In base 16, what is -ffe6 - -2?
-ffe4
In base 7, what is -430 - 21610?
-22340
In base 12, what is 71 - -1789?
183a
In base 16, what is 1f - 782c?
-780d
In base 11, what is 3 - -542287?
54228a
In base 11, what is 26 - -65936?
65961
In base 13, what is 197a - 30?
194a
In base 5, what is -4204 - -1240?
-2414
In base 9, what is -1 - -31366?
31365
In base 5, what is -4402 - 24222?
-34124
In base 15, what is -ecdb + 0?
-ecdb
In base 2, what is 100 + -101000101111010100?
-101000101111010000
In base 15, what is 26 - -44?
6a
In base 10, what is 109 - -377?
486
In base 10, what is -5 + 46735?
46730
In base 15, what is 2 - 2b97?
-2b95
In base 5, what is -142120 - 143?
-142313
In base 14, what is 394 - -6b?
421
In base 12, what is 108522 - 7?
108517
In base 6, what is 41 + 3312324?
3312405
In base 2, what is -1 + -101111100110101111?
-101111100110110000
In base 14, what is 2c + -6?
26
In base 5, what is -211124 - 3?
-211132
In base 11, what is 51 - -6816?
6867
In base 2, what is -10110001110 + 11100000001?
101110011
In base 7, what is -414 + -2506?
-3223
In base 6, what is -5512103 + 5?
-5512054
In base 16, what is -2597 - -41?
-2556
In base 15, what is 3 + -124c?
-1249
In base 7, what is -3162 + -516?
-4011
In base 7, what is 11 - 413165?
-413154
In base 15, what is -20120 - 46?
-20166
In base 13, what is -18b74 - 5?
-18b79
In base 13, what is -3 - -128a2?
1289c
In base 16, what is 6a9a - 2?
6a98
In base 15, what is -2 + -aea81?
-aea83
In base 4, what is 1 + -1003010?
-1003003
In base 5, what is -243 - -3324?
3031
In base 4, what is -11 + -323020?
-323031
In base 4, what is -210 + -101210?
-102020
In base 6, what is -1005 - 1401?
-2410
In base 13, what is -130 + 1c?
-111
In base 4, what is -113031313 + -12?
-113031331
In base 4, what is -13 + 33332102?
33332023
In base 11, what is -22 + -18629?
-18650
In base 6, what is -33 - 11054?
-11131
In base 14, what is 67cd + -a?
67c3
In base 14, what is d3 + 2295?
2388
In base 12, what is -17 + -635?
-650
In base 14, what is 508a - 1?
5089
In base 8, what is -1 + -551365?
-551366
In base 4, what is -120 - 10013222?
-10020002
In base 11, what is -7175a2 - 2?
-7175a4
In base 13, what is -1 + 24a4a4?
24a4a3
In base 4, what is -10102 + 200020?
123312
In base 10, what is -2 + -12921?
-12923
In base 16, what is 23532 - -2?
23534
In base 7, what is 122 - -1035?
1160
In base 14, what is 2 + -2db7?
-2db5
In base 11, what is -25247 - 3?
-2524a
In base 5, what is 423121000 + 2?
423121002
In base 2, what is 10100001000 + -11110110?
10000010010
In base 8, what is 1 + -736651?
-736650
In base 11, what is -2 - 15925?
-15927
In base 7, what is -26 + -1112533?
-1112562
In base 8, what is -2 - 422224?
-422226
In base 11, what is 1 - -117a6?
117a7
In base 15, what is 342a6e + -4?
342a6a
In base 9, what is -232 + 82?
-140
In base 16, what is -4 + 52?
4e
In base 5, what is 2412 - 101043?
-43131
In base 11, what is -79a2 + 7?
-7996
In base 6, what is 3 - -20222?
20225
In base 16, what is -3bd + -6e?
-42b
In base 8, what is 5 - 37114?
-37107
In base 8, what is 1 + 225162?
225163
In base 7, what is -3622160 - 3?
-3622163
In base 7, what is -326135 - 2?
-326140
In base 16, what is 14dab6 + -5?
14dab1
In base 6, what is 220450 - -500?
221350
In base 10, what is 4 - 11753?
-11749
In base 3, what is -2102 - 1122?
-11001
In base 11, wh